[INFO] fetching crate paseto-wasi07 1.0.7...
[INFO] checking paseto-wasi07-1.0.7 against master#af3c6e733a40e671550e0f0f5aeecaa13772ba56 for pr-74989
[INFO] extracting crate paseto-wasi07 1.0.7 into /workspace/builds/worker-9/source
[INFO] validating manifest of crates.io crate paseto-wasi07 1.0.7 on toolchain af3c6e733a40e671550e0f0f5aeecaa13772ba56
[INFO] running `Command { std: "/workspace/cargo-home/bin/cargo" "+af3c6e733a40e671550e0f0f5aeecaa13772ba56" "read-manifest" "--manifest-path" "Cargo.toml", kill_on_drop: false }`
[INFO] started tweaking crates.io crate paseto-wasi07 1.0.7
[INFO] finished tweaking crates.io crate paseto-wasi07 1.0.7
[INFO] tweaked toml for crates.io crate paseto-wasi07 1.0.7 written to /workspace/builds/worker-9/source/Cargo.toml
[INFO] crate crates.io crate paseto-wasi07 1.0.7 already has a lockfile, it will not be regenerated
[INFO] running `Command { std: "/workspace/cargo-home/bin/cargo" "+af3c6e733a40e671550e0f0f5aeecaa13772ba56" "fetch" "--locked" "--manifest-path" "Cargo.toml", kill_on_drop: false }`
[INFO] running `Command { std: "docker" "create" "-v" "/var/lib/crater-agent-workspace/builds/worker-9/target:/opt/rustwide/target:rw,Z" "-v" "/var/lib/crater-agent-workspace/builds/worker-9/source:/opt/rustwide/workdir:ro,Z" "-v" "/var/lib/crater-agent-workspace/cargo-home:/opt/rustwide/cargo-home:ro,Z" "-v" "/var/lib/crater-agent-workspace/rustup-home:/opt/rustwide/rustup-home:ro,Z" "-e" "SOURCE_DIR=/opt/rustwide/workdir" "-e" "CARGO_TARGET_DIR=/opt/rustwide/target" "-e" "CARGO_HOME=/opt/rustwide/cargo-home" "-e" "RUSTUP_HOME=/opt/rustwide/rustup-home" "-w" "/opt/rustwide/workdir" "-m" "1610612736" "--user" "0:0" "--network" "none" "rustops/crates-build-env@sha256:d92eaeed33fa75130ca1ee6c8a01d1ffb62bac859dfdfb3450e3e5d1c0146529" "/opt/rustwide/cargo-home/bin/cargo" "+af3c6e733a40e671550e0f0f5aeecaa13772ba56" "metadata" "--no-deps" "--format-version=1", kill_on_drop: false }`
[INFO] [stderr] WARNING: Your kernel does not support swap limit capabilities or the cgroup is not mounted. Memory limited without swap.
[INFO] [stdout] 06b25b280cb5de8f1e36ff5f7f7cebf71ae4f65ceb7bc5c8ae74b587e9e705d1
[INFO] running `Command { std: "docker" "start" "-a" "06b25b280cb5de8f1e36ff5f7f7cebf71ae4f65ceb7bc5c8ae74b587e9e705d1", kill_on_drop: false }`
[INFO] running `Command { std: "docker" "inspect" "06b25b280cb5de8f1e36ff5f7f7cebf71ae4f65ceb7bc5c8ae74b587e9e705d1", kill_on_drop: false }`
[INFO] running `Command { std: "docker" "rm" "-f" "06b25b280cb5de8f1e36ff5f7f7cebf71ae4f65ceb7bc5c8ae74b587e9e705d1", kill_on_drop: false }`
[INFO] [stdout] 06b25b280cb5de8f1e36ff5f7f7cebf71ae4f65ceb7bc5c8ae74b587e9e705d1
[INFO] running `Command { std: "docker" "create" "-v" "/var/lib/crater-agent-workspace/builds/worker-9/target:/opt/rustwide/target:rw,Z" "-v" "/var/lib/crater-agent-workspace/builds/worker-9/source:/opt/rustwide/workdir:ro,Z" "-v" "/var/lib/crater-agent-workspace/cargo-home:/opt/rustwide/cargo-home:ro,Z" "-v" "/var/lib/crater-agent-workspace/rustup-home:/opt/rustwide/rustup-home:ro,Z" "-e" "SOURCE_DIR=/opt/rustwide/workdir" "-e" "CARGO_TARGET_DIR=/opt/rustwide/target" "-e" "CARGO_INCREMENTAL=0" "-e" "RUST_BACKTRACE=full" "-e" "RUSTFLAGS=--cap-lints=forbid" "-e" "CARGO_HOME=/opt/rustwide/cargo-home" "-e" "RUSTUP_HOME=/opt/rustwide/rustup-home" "-w" "/opt/rustwide/workdir" "-m" "1610612736" "--user" "0:0" "--network" "none" "rustops/crates-build-env@sha256:d92eaeed33fa75130ca1ee6c8a01d1ffb62bac859dfdfb3450e3e5d1c0146529" "/opt/rustwide/cargo-home/bin/cargo" "+af3c6e733a40e671550e0f0f5aeecaa13772ba56" "check" "--frozen" "--all" "--all-targets" "--message-format=json", kill_on_drop: false }`
[INFO] [stdout] 7e47c5ba0901670331801cc42dac924c61a48de59481bb19692c6a831e35fb41
[INFO] [stderr] WARNING: Your kernel does not support swap limit capabilities or the cgroup is not mounted. Memory limited without swap.
[INFO] running `Command { std: "docker" "start" "-a" "7e47c5ba0901670331801cc42dac924c61a48de59481bb19692c6a831e35fb41", kill_on_drop: false }`
[INFO] [stderr]    Compiling typenum v1.11.2
[INFO] [stderr]    Compiling cc v1.0.50
[INFO] [stderr]    Compiling autocfg v1.0.0
[INFO] [stderr]    Compiling getrandom v0.1.14
[INFO] [stderr]    Compiling unicode-xid v0.2.0
[INFO] [stderr]    Compiling syn v1.0.16
[INFO] [stderr]    Compiling failure_derive v0.1.6
[INFO] [stderr]     Checking rustc-demangle v0.1.16
[INFO] [stderr]     Checking constant_time_eq v0.1.5
[INFO] [stderr]     Checking base64 v0.12.0
[INFO] [stderr]     Checking serde_json v1.0.48
[INFO] [stderr]    Compiling proc-macro2 v1.0.9
[INFO] [stderr]    Compiling num-traits v0.2.11
[INFO] [stderr]    Compiling num-integer v0.1.42
[INFO] [stderr]     Checking rand_core v0.5.1
[INFO] [stderr]     Checking rand_chacha v0.2.1
[INFO] [stderr]    Compiling quote v1.0.2
[INFO] [stderr]     Checking rand v0.7.3
[INFO] [stderr]    Compiling backtrace-sys v0.1.32
[INFO] [stderr]    Compiling clear_on_drop v0.2.3
[INFO] [stderr]     Checking generic-array v0.12.3
[INFO] [stderr]     Checking digest v0.8.1
[INFO] [stderr]     Checking stream-cipher v0.3.2
[INFO] [stderr]     Checking universal-hash v0.3.0
[INFO] [stderr]     Checking block-buffer v0.7.3
[INFO] [stderr]     Checking crypto-mac v0.7.0
[INFO] [stderr]     Checking aead v0.2.0
[INFO] [stderr]     Checking sha2 v0.8.1
[INFO] [stderr]     Checking curve25519-dalek v2.0.0
[INFO] [stderr]     Checking poly1305 v0.5.2
[INFO] [stderr]     Checking chacha20 v0.3.3
[INFO] [stderr]     Checking blake2 v0.8.1
[INFO] [stderr]     Checking chacha20poly1305 v0.4.1
[INFO] [stderr]     Checking chrono-wasi07 v0.4.10
[INFO] [stderr]     Checking backtrace v0.3.44
[INFO] [stderr]     Checking ed25519-dalek v1.0.0-pre.3
[INFO] [stderr]    Compiling synstructure v0.12.3
[INFO] [stderr]     Checking failure v0.1.6
[INFO] [stderr]     Checking paseto-wasi07 v1.0.7 (/opt/rustwide/workdir)
[INFO] [stdout] error[E0433]: failed to resolve: use of undeclared type or module `paseto`
[INFO] [stdout]   --> examples/public-using-builder.rs:30:26
[INFO] [stdout]    |
[INFO] [stdout] 30 |     let verified_token = paseto::tokens::validate_public_token(
[INFO] [stdout]    |                          ^^^^^^ use of undeclared type or module `paseto`
[INFO] [stdout] 
[INFO] [stdout] 
[INFO] [stdout] error[E0433]: failed to resolve: use of undeclared type or module `paseto`
[INFO] [stdout]   --> examples/public-using-builder.rs:15:33
[INFO] [stdout]    |
[INFO] [stdout] 15 |     let token = paseto::tokens::PasetoBuilder::new()
[INFO] [stdout]    |                                 ^^^^^^^^^^^^^ not found in `paseto::tokens`
[INFO] [stdout]    |
[INFO] [stdout] help: consider importing this struct
[INFO] [stdout]    |
[INFO] [stdout] 2  | use paseto_wasi07::PasetoBuilder;
[INFO] [stdout]    |
[INFO] [stdout] 
[INFO] [stdout] 
[INFO] [stdout] error[E0433]: failed to resolve: use of undeclared type or module `paseto`
[INFO] [stdout]   --> examples/public-using-builder.rs:33:24
[INFO] [stdout]    |
[INFO] [stdout] 33 |       &paseto::tokens::PasetoPublicKey::ED25519KeyPair(cloned_key),
[INFO] [stdout]    |                        ^^^^^^^^^^^^^^^ not found in `paseto::tokens`
[INFO] [stdout]    |
[INFO] [stdout] help: consider importing this enum
[INFO] [stdout]    |
[INFO] [stdout] 2  | use paseto_wasi07::PasetoPublicKey;
[INFO] [stdout]    |
[INFO] [stdout] 
[INFO] [stdout] 
[INFO] [stdout] error: aborting due to 3 previous errors
[INFO] [stdout] 
[INFO] [stdout] 
[INFO] [stdout] For more information about this error, try `rustc --explain E0433`.
[INFO] [stdout] 
[INFO] [stderr] error: could not compile `paseto-wasi07`.
[INFO] [stderr] 
[INFO] [stderr] To learn more, run the command again with --verbose.
[INFO] [stderr] warning: build failed, waiting for other jobs to finish...
[INFO] [stdout] error[E0433]: failed to resolve: use of undeclared type or module `paseto`
[INFO] [stdout]   --> examples/local-using-builders.rs:28:26
[INFO] [stdout]    |
[INFO] [stdout] 28 |     let verified_token = paseto::tokens::validate_local_token(
[INFO] [stdout]    |                          ^^^^^^ use of undeclared type or module `paseto`
[INFO] [stdout] 
[INFO] [stdout] 
[INFO] [stdout] error[E0433]: failed to resolve: use of undeclared type or module `paseto`
[INFO] [stdout]   --> examples/local-using-builders.rs:13:33
[INFO] [stdout]    |
[INFO] [stdout] 13 |     let token = paseto::tokens::PasetoBuilder::new()
[INFO] [stdout]    |                                 ^^^^^^^^^^^^^ not found in `paseto::tokens`
[INFO] [stdout]    |
[INFO] [stdout] help: consider importing this struct
[INFO] [stdout]    |
[INFO] [stdout] 2  | use paseto_wasi07::PasetoBuilder;
[INFO] [stdout]    |
[INFO] [stdout] 
[INFO] [stdout] 
[INFO] [stdout] error[E0433]: failed to resolve: use of undeclared type or module `paseto`
[INFO] [stdout]   --> examples/direct-protocol.rs:27:7
[INFO] [stdout]    |
[INFO] [stdout] 27 |       paseto::v2::local::local_paseto(&message, None, &mut key_mut).expect("Failed to encrypt V2 Token sans footer.");
[INFO] [stdout]    |       ^^^^^^ use of undeclared type or module `paseto`
[INFO] [stdout] 
[INFO] [stdout] 
[INFO] [stdout] error[E0433]: failed to resolve: use of undeclared type or module `paseto`
[INFO] [stdout]   --> examples/direct-protocol.rs:30:7
[INFO] [stdout]    |
[INFO] [stdout] 30 |       paseto::v2::local::decrypt_paseto(&v2_token, None, &mut key_mut).expect("Failed to decrypt V2 Token sans footer.");
[INFO] [stdout]    |       ^^^^^^ use of undeclared type or module `paseto`
[INFO] [stdout] 
[INFO] [stdout] 
[INFO] [stdout] error[E0433]: failed to resolve: use of undeclared type or module `paseto`
[INFO] [stdout]   --> examples/direct-protocol.rs:33:7
[INFO] [stdout]    |
[INFO] [stdout] 33 |       paseto::v2::local::local_paseto(&message, Some(&footer), &mut key_mut).expect("Failed to encrypt V2 Token.");
[INFO] [stdout]    |       ^^^^^^ use of undeclared type or module `paseto`
[INFO] [stdout] 
[INFO] [stdout] 
[INFO] [stdout] error[E0433]: failed to resolve: use of undeclared type or module `paseto`
[INFO] [stdout]   --> examples/direct-protocol.rs:35:31
[INFO] [stdout]    |
[INFO] [stdout] 35 |     let decrypted_v2_footer = paseto::v2::local::decrypt_paseto(&v2_footer_token, Some(&footer), &mut key_mut)
[INFO] [stdout]    |                               ^^^^^^ use of undeclared type or module `paseto`
[INFO] [stdout] 
[INFO] [stdout] 
[INFO] [stdout] error: aborting due to 2 previous errors
[INFO] [stdout] 
[INFO] [stdout] 
[INFO] [stdout] For more information about this error, try `rustc --explain E0433`.
[INFO] [stdout] 
[INFO] [stdout] error: aborting due to 4 previous errors
[INFO] [stdout] 
[INFO] [stdout] 
[INFO] [stdout] For more information about this error, try `rustc --explain E0433`.
[INFO] [stdout] 
[INFO] [stderr] error: build failed
[INFO] running `Command { std: "docker" "inspect" "7e47c5ba0901670331801cc42dac924c61a48de59481bb19692c6a831e35fb41", kill_on_drop: false }`
[INFO] running `Command { std: "docker" "rm" "-f" "7e47c5ba0901670331801cc42dac924c61a48de59481bb19692c6a831e35fb41", kill_on_drop: false }`
[INFO] [stdout] 7e47c5ba0901670331801cc42dac924c61a48de59481bb19692c6a831e35fb41
